when 621472 is divided by 619004.
2468
What is the remainder when 16227678 is divided by 811383?
18
Calculate the remainder when 20451231 is divided by 109.
106
Calculate the remainder when 1055557 is divided by 351773.
238
Calculate the remainder when 4854928 is divided by 41.
36
What is the remainder when 110010 is divided by 27423?
318
What is the remainder when 63949 is divided by 795?
349
What is the remainder when 21936665 is divided by 1888?
1881
Calculate the remainder when 309551795 is divided by 3074.
3069
Calculate the remainder when 94099508 is divided by 27.
26
Calculate the remainder when 558576 is divided by 186171.
63
What is the remainder when 40631 is divided by 8129?
8115
What is the remainder when 87898165 is divided by 73864?
5
Calculate the remainder when 1306814 is divided by 8711.
164
Calculate the remainder when 549784 is divided by 344.
72
Calculate the remainder when 2642753 is divided by 80073.
344
What is the remainder when 8155028 is divided by 280?
28
What is the remainder when 2018699 is divided by 3920?
3819
What is the remainder when 213709 is divided by 195?
184
Calculate the remainder when 3046329 is divided by 490.
489
Calculate the remainder when 8008042 is divided by 132.
130
Calculate the remainder when 439799 is divided by 1990.
9
Calculate the remainder when 348509346 is divided by 34.
30
Calculate the remainder when 97647 is divided by 47627.
2393
What is the remainder when 1052533 is divided by 29237?
1
Calculate the remainder when 2640659 is divided by 11.
10
What is the remainder when 3232434 is divided by 4?
2
Calculate the remainder when 141021 is divided by 2398.
1937
Calculate the remainder when 70682805 is divided by 7853640.
45
Calculate the remainder when 10996110 is divided by 3665357.
39
What is the remainder when 76227813 is divided by 3029?
3028
What is the remainder when 1892035 is divided by 791?
754
Calculate the remainder when 622775 is divided by 32774.
69
Calculate the remainder when 3006787 is divided by 65349.
733
What is the remainder when 11719639 is divided by 5940?
19
What is the remainder when 21275849 is divided by 19?
10
Calculate the remainder when 29831 is divided by 4915.
341
What is the remainder when 35293 is divided by 33999?
1294
Calculate the remainder when 14932497 is divided by 1100.
1097
Calculate the remainder when 29625 is divided by 6762.
2577
Calculate the remainder when 3784123 is divided by 1229.
32
What is the remainder when 182145056 is divided by 11?
5
What is the remainder when 52149730 is divided by 89?
2
What is the remainder when 250222 is divided by 2157?
10
What is the remainder when 101740918 is divided by 636?
634
What is the remainder when 1921864 is divided by 3075?
3064
Calculate the remainder when 1525079 is divided by 214.
115
What is the remainder when 34834903 is divided by 61?
60
Calculate the remainder when 116730102 is divided by 5.
2
Calculate the remainder when 96174 is divided by 1202.
14
What is the remainder when 28304857 is divided by 11?
9
What is the remainder when 454619302 is divided by 306?
304
What is the remainder when 308895 is divided by 79?
5
What is the remainder when 60955 is divided by 5038?
499
Calculate the remainder when 1178221 is divided by 828.
805
Calculate the remainder when 225888 is divided by 1122.
366
What is the remainder when 756882 is divided by 671?
665
What is the remainder when 26783 is divided by 13015?
753
Calculate the remainder when 91019687 is divided by 24.
23
What is the remainder when 1652941 is divided by 268?
185
What is the remainder when 4503358 is divided by 1854?
1846
Calculate the remainder when 3970305 is divided by 3970288.
17
What is the remainder when 4634748 is divided by 926939?
53
What is the remainder when 621441 is divided by 8875?
191
What is the remainder when 34185 is divided by 34103?
82
Calculate the remainder when 8911 is divided by 8894.
17
What is the remainder when 62803 is divided by 4775?
728
Calculate the remainder when 958445 is divided by 122.
13
Calculate the remainder when 30889959 is divided by 10296638.
45
Calculate the remainder when 91393400 is divided by 4556.
40
What is the remainder when 109553 is divided by 967?
282
What is the remainder when 66140 is divided by 2274?
194
Calculate the remainder when 151608547 is divided by 1901.
1896
What is the remainder when 61749 is divided by 7688?
245
Calculate the remainder when 135524007 is divided by 104.
47
Calculate the remainder when 967898 is divided by 2204.
342
Calculate the remainder when 11189 is divided by 9108.
2081
Calculate the remainder when 757080 is divided by 2381.
2303
What is the remainder when 767549 is divided by 153499?
54
What is the remainder when 480609 is divided by 428?
393
Calculate the remainder when 1526268 is divided by 1713.
1698
What is the remainder when 232915 is divided by 2924?
1919
Calculate the remainder when 10582803 is divided by 102.
99
What is the remainder when 2224667 is divided by 1074?
413
Calculate the remainder when 27130 is divided by 1065.
505
What is the remainder when 960938 is divided by 320?
298
What is the remainder when 82537 is divided by 1618?
19
Calculate the remainder when 98977 is divided by 3665.
22
Calculate the remainder when 12160 is divided by 275.
60
Calculate the remainder when 23313364 is divided by 11656679.
6
Calculate the remainder when 75641 is divided by 2812.
2529
Calculate the remainder when 2107562 is divided by 234165.
77
Calculate the remainder when 195236 is divided by 12838.
2666
What is the remainder when 595840 is divided by 128?
0
Calculate the remainder when 120969 is divided by 214.
59
Calculate the remainder when 49269 is divided by 49.
24
What is the remainder when 277884 is divided by 354?
348
Calculate the remainder when 151238 is divided by 145274.
5964
Calculate the remainder when 9534536 is divided by 4767221.
94
Calculate the remainder when 7351674 is divided by 2450547.
33
Calculate the remainder when 14973614 is divided by 25.
14
What is the remainder when 1571848 is divided by 65?
18
What is the remainder when 257398 is divided by 377?
284
What is the remainder when 318511 is divided by 3364?
2295
Calculate the remainder when 925840 is divided by 437.
274
What is the remainder when 26146455 is divided by 2063?
2056
Calculate the remainder when 7450580 is divided by 902.
60
What is the remainder when 15189163 is divided by 138082?
143
Calculate the remainder when 4037158 is divided by 88.
70
Calculate the remainder when 613519 is divided by 114.
85
Calculate the remainder when 913 is divided by 646.
267
What is the remainder when 106017971 is divided by 1575?
1571
What is the remainder when 5306787 is divided by 132669?
27
What is the remainder when 1527780 is divided by 11752?
20
Calculate the remainder when 51528 is divided by 3670.
148
Calculate the remainder when 2493485 is divided by 539.
71
Calculate the remainder when 75986 is divided by 310.
36
Calculate the remainder when 543119 is divided by 180926.
341
Calculate the remainder when 44211 is divided by 146.
119
Calculate the remainder when 108806 is divided by 1263.
188
What is the remainder when 65017 is divided by 259?
8
Calculate the remainder when 64599927 is divided by 922.
919
What is the remainder when 1834819 is divided by 199?
39
What is the remainder when 2610389 is divided by 118654?
1
Calculate the remainder when 272336495 is divided by 272336495.
0
What is the remainder when 383519 is divided by 76682?
109
Calculate the remainder when 41888679 is divided by 2189.
2164
Calculate the remainder when 906269 is divided by 289.
254
Calculate the remainder when 906165 is divided by 906128.
37
Calculate the remainder when 47411 is divided by 4739.
21
Calculate the remainder when 7662158 is divided by 12749.
9
What is the remainder when 12232391 is divided by 2264?
2263
What is the remainder when 137894 is divided by 27302?
1384
What is the remainder when 163092 is divided by 162978?
114
What is the remainder when 1598347 is divided by 155?
142
What is the remainder when 572563 is divided by 190826?
85
What is the remainder when 61538 is divided by 61166?
372
Calculate the remainder when 18942560 is divided by 310533.
47
Calculate the remainder whe